is the greatest common divisor of 834 and 2827677?
417
What is the highest common divisor of 35015 and 120690?
745
What is the highest common divisor of 53550 and 18690?
210
Calculate the greatest common factor of 4925 and 183013.
197
What is the greatest common divisor of 35 and 322315?
35
Calculate the greatest common divisor of 513428 and 564.
188
What is the greatest common divisor of 63300 and 84?
12
Calculate the greatest common factor of 65 and 549497.
13
Calculate the greatest common factor of 1941948 and 12.
12
Calculate the highest common factor of 5390 and 4870.
10
Calculate the greatest common factor of 147390 and 10.
10
What is the highest common factor of 237232 and 96?
16
Calculate the highest common divisor of 14 and 173747.
7
What is the greatest common divisor of 303 and 2954856?
303
What is the highest common divisor of 27854 and 4?
2
Calculate the highest common divisor of 5335 and 6111.
97
What is the highest common divisor of 1024 and 43472?
16
What is the highest common factor of 40 and 415144?
8
Calculate the highest common divisor of 12 and 50004.
12
What is the greatest common divisor of 361 and 741133?
361
Calculate the highest common factor of 15840 and 31845.
165
Calculate the greatest common factor of 35 and 18650.
5
What is the greatest common factor of 468 and 2304?
36
What is the highest common factor of 2324 and 376820?
332
Calculate the highest common divisor of 710 and 10370.
10
What is the greatest common factor of 139608 and 72?
72
Calculate the greatest common factor of 245341 and 69.
23
Calculate the highest common divisor of 41423 and 23.
23
Calculate the highest common divisor of 35296 and 400389.
1103
What is the greatest common factor of 5586 and 855?
57
Calculate the greatest common factor of 293604 and 202564.
2276
Calculate the highest common factor of 2186033 and 677.
677
What is the highest common factor of 293 and 1564327?
293
Calculate the highest common divisor of 3685 and 15565.
55
What is the greatest common divisor of 6195 and 4248?
177
Calculate the greatest common factor of 8359 and 182.
13
Calculate the highest common divisor of 20 and 1983620.
20
What is the highest common factor of 76121 and 11675?
467
What is the highest common divisor of 692 and 95842?
346
Calculate the highest common factor of 221 and 2595866.
221
What is the greatest common divisor of 798 and 16416?
114
What is the highest common divisor of 236158 and 325?
13
Calculate the highest common divisor of 3377 and 1133.
11
What is the greatest common factor of 36 and 11299?
1
Calculate the greatest common divisor of 6 and 5046.
6
What is the greatest common factor of 16 and 5640?
8
What is the highest common factor of 176 and 7381?
11
Calculate the greatest common divisor of 4318422 and 1398.
1398
What is the greatest common divisor of 628902 and 18?
18
What is the greatest common factor of 4932 and 244545?
411
What is the greatest common divisor of 1580 and 32?
4
Calculate the greatest common divisor of 82570 and 69.
23
What is the highest common divisor of 13366628 and 484?
484
What is the highest common divisor of 567 and 122913?
63
What is the highest common factor of 2750 and 46310?
110
Calculate the greatest common divisor of 18 and 1703061.
9
What is the highest common divisor of 62186 and 1984?
62
Calculate the highest common divisor of 505 and 588325.
505
What is the highest common factor of 3965 and 4030?
65
What is the highest common factor of 30592 and 24576?
128
Calculate the highest common divisor of 130922 and 605.
121
What is the highest common factor of 160 and 913040?
80
Calculate the greatest common divisor of 1522917 and 99.
99
What is the highest common divisor of 167909 and 595?
119
What is the greatest common factor of 93 and 269421?
93
What is the greatest common divisor of 3770 and 7830?
290
What is the greatest common factor of 10149 and 90744?
597
What is the highest common factor of 3513892 and 2154?
718
Calculate the greatest common factor of 17928 and 18094.
166
Calculate the greatest common factor of 247 and 1404.
13
Calculate the greatest common divisor of 4 and 376828.
4
What is the greatest common factor of 16868 and 12?
4
Calculate the greatest common factor of 29 and 3915.
29
What is the highest common divisor of 5 and 101945?
5
Calculate the greatest common divisor of 616 and 2123.
11
What is the highest common divisor of 367428 and 12?
12
What is the highest common factor of 67 and 5337?
1
Calculate the greatest common divisor of 135 and 1258875.
135
Calculate the greatest common divisor of 15615 and 6593.
347
What is the highest common factor of 40 and 4744?
8
Calculate the greatest common factor of 28355 and 3424.
107
What is the greatest common factor of 54 and 14208?
6
Calculate the greatest common factor of 2280 and 5880.
120
What is the greatest common divisor of 218257 and 104?
13
What is the highest common divisor of 23643749 and 947?
947
Calculate the highest common factor of 48 and 4308336.
48
Calculate the highest common factor of 154 and 242.
22
Calculate the greatest common divisor of 78671 and 151.
151
What is the highest common factor of 64 and 48352?
32
What is the highest common factor of 833 and 1568?
49
Calculate the greatest common factor of 29192 and 25098.
178
What is the highest common factor of 517 and 10054?
11
What is the highest common factor of 10 and 8318?
2
What is the highest common factor of 1604772 and 7620?
1524
What is the highest common divisor of 18752 and 128?
64
What is the greatest common divisor of 18883 and 69?
23
What is the highest common factor of 83 and 14678052?
83
Calculate the greatest common divisor of 70361 and 71.
71
What is the greatest common divisor of 333192 and 12?
12
Calculate the highest common factor of 16962 and 8.
2
Calculate the greatest common divisor of 7080 and 2520.
120
Calculate the highest common divisor of 100 and 10465.
5
Calculate the highest common divisor of 250640 and 143.
13
Calculate the highest common factor of 68 and 1644.
4
What is the highest common factor of 55132 and 12452?
44
What is the greatest common divisor of 36456 and 2058?
294
What is the highest common divisor of 9364490 and 1730?
1730
What is the highest common factor of 23377 and 2425?
97
What is the greatest common factor of 30 and 262230?
30
What is the greatest common divisor of 47971 and 392?
49
Calculate the highest common factor of 7909 and 246617.
719
Calculate the greatest common factor of 116 and 1386548.
116
Calculate the highest common factor of 84 and 713016.
12
Calculate the greatest common divisor of 54 and 59022.
54
What is the greatest common factor of 28724 and 2?
2
Calculate the greatest common divisor of 34034 and 13013.
1001
What is the greatest common divisor of 49533 and 82137?
627
Calculate the highest common divisor of 190267 and 539.
539
Calculate the highest common factor of 8 and 4877.
1
What is the highest common divisor of 696193 and 122?
61
What is the highest common divisor of 15502 and 9099?
337
What is the greatest common divisor of 10074 and 132933?
219
What is the highest common factor of 2530 and 43109?
11
What is the greatest common factor of 264 and 3273534?
66
What is the greatest common factor of 931634 and 61268?
1802
Calculate the highest common divisor of 114491 and 429.
13
What is the greatest common factor of 280857 and 51?
51
Calculate the highest common factor of 191 and 5607951.
191
Calculate the greatest common factor of 41 and 33907.
41
Calculate the highest common factor of 7308 and 106575.
609
Calculate the highest common divisor of 2714 and 58410.
118
What is the greatest common factor of 180 and 73053?
9
What is the highest common factor of 544 and 12002?
34
What is the highest common factor of 738 and 3750?
6
What is the greatest common divisor of 1200 and 55050?
150
Calculate the highest common divisor of 1638 and 306.
18
Calculate the highest common factor of 50 and 21590.
10
What is the highest common factor of 1076 and 7674032?
1076
What is the greatest common factor of 404731 and 253?
23
Calculate the greatest common divisor of 33979 and 88.
11
Calculate the highest common factor of 3010 and 28.
14
Calculate the greatest common divisor of 20754 and 1.
1
Calculate the greatest c